. Let g be q(-6). Suppose -121 = -t + g. Is t a prime number?
False
Suppose -2*i + 137246 = 14*a - 13*a, 137222 = 2*i - 5*a. Is i composite?
True
Suppose 20 = 5*p + 5*r - 30, p = r + 12. Suppose 4*m + 0*l = 4*l + 4, 3*m + 5*l = p. Suppose -z + 1293 = m*z. Is z prime?
True
Is 1/(8/32) + 2497 + 0 a prime number?
False
Suppose -4*v + 15099 = 5*d - 6520, 2*d = -5*v + 8634. Is d a prime number?
True
Let r(n) = -7*n**3 + 13*n**2 - 21*n - 16. Let p(l) = 6*l**3 - 13*l**2 + 20*l + 15. Let s(o) = -6*p(o) - 5*r(o). Is s(11) a composite number?
False
Let s = 86053 + 9882. Is (s/10)/(-7)*-2 prime?
True
Let m(p) = -41*p + 19. Let j(z) = -124*z + 57. Let x = 29 - 32. Let c(i) = x*j(i) + 8*m(i). Is c(12) a composite number?
False
Let y = -5289 + 12242. Is y composite?
True
Is (21144/9 - -1)/((-11)/(-33)) a composite number?
True
Let o be (259/(-21))/((-1)/3). Suppose -y + 3*k = -18, -o = y - 5*y + 5*k. Is 8*5 + y/(-1) a prime number?
True
Let p(h) = -h**3 + 7*h - 1. Let w(z) = -2*z**3 + 13*z - 2. Let m(u) = 5*p(u) - 2*w(u). Is m(-6) prime?
False
Is (6 - (-497)/(-84))*129972 a composite number?
False
Suppose -5*a - 25 = 0, t + 3*a = -t - 11. Is 331/t*12/6 a prime number?
True
Suppose -4*j + 0*j - 32 = -p, 0 = -3*p - 3*j + 21. Let a(s) = s**3 - 10*s**2 + 7*s + 7. Is a(p) composite?
False
Suppose 0 = 5*g + 22 - 502. Suppose 38 = i + l - 5*l, -g = -2*i + 4*l. Is i prime?
False
Let q = 30571 - 17874. Is q a composite number?
False
Suppose 5*r + 35 = 2*q, -21 = -2*q + 2*r - 1. Suppose -5*z + 2*v + 1286 = -6048, q*v + 10 = 0. Is z a composite number?
True
Let b = -819 - -2972. Is b prime?
True
Let u(z) = -z**2 - 17*z + 3. Let k be u(-17). Let f = -6 - -4. Is (22 - (-4 + k)) + f prime?
False
Let f(g) = 2*g**2 + 6*g + 6. Let c be f(-5). Suppose -c*w + 22*w + 2956 = 0. Is w a composite number?
False
Let p = 4 - 13. Let z(x) = -1 - 69*x + 3 + 1 - 1. Is z(p) a composite number?
True
Let l = 405 + 2. Is l a composite number?
True
Let o(w) = -3*w**3 - 16*w**2 + 101*w + 49. Is o(-22) prime?
True
Let d(j) = -1197*j**3 + 2*j**2 + 10. Is d(-3) a composite number?
True
Let y(w) = 183*w - 8. Is y(23) composite?
False
Let v(h) = -10*h**2 + 10*h - 7. Let p(w) = -28*w**2 + 31*w - 21. Let z(q) = 2*p(q) - 7*v(q). Let o = 14 - 9. Is z(o) composite?
False
Let q = 39 - 13. Suppose q = 5*y + f, y + 0*f = -3*f + 8. Suppose -c - 4*m = -0*c - 1557, y*c - 7767 = -2*m. Is c a prime number?
True
Let c = 44 + -42. Suppose -3*r + 6446 = -l, c*r + r - 6450 = -3*l. Is r composite?
True
Let i(j) be the first derivative of -11*j**5/20 + j**4/6 + 2*j**3/3 + 3*j**2/2 - j + 2. Let a(b) be the first derivative of i(b). Is a(-2) prime?
False
Let x(c) = 3*c**3 + 14*c**2 + 25*c - 11. Let o(s) = -4*s**3 - 13*s**2 - 24*s + 11. Let y(u) = 4*o(u) + 5*x(u). Is y(19) prime?
True
Suppose -11*v + 294283 = 20*v. Is v a prime number?
False
Let x = 7 - 4. Let g(b) = -b**3 + 5*b**2 + 3*b + 15. Let a(s) = 2*s**3 - 11*s**2 - 5*s - 29. Let t(l) = x*a(l) + 5*g(l). Is t(9) prime?
False
Let z(c) = -5 - 2*c**3 - 49*c**2 + 36*c**2 + 3*c + 4. Is z(-8) prime?
True
Let i be ((-14)/21)/((-2)/9). Suppose -2*k - 3*r - r = -166, -363 = -5*k + i*r. Suppose 4*s - 49 = k. Is s a composite number?
False
Suppose 3*x = 5*h - 2, -2*x + 1 + 3 = 2*h. Let n(z) = 1056*z + 1. Is n(h) prime?
False
Suppose -3*f + 783 = r - 158, -3*f = -r - 937. Let u = f - 186. Is u a prime number?
True
Suppose -5*m - 4*s + 34168 = -5*s, -3*s - 9 = 0. Is m a prime number?
True
Let k(o) = -63 + 4*o**2 - 74 - 18*o + 104. Is k(20) prime?
False
Suppose -137574 = -19*l - 8773. Is l prime?
True
Let k(o) = -2*o**3 - 10*o**2 - 9*o + 23. Is k(-8) prime?
True
Let r(y) = 133*y - 2. Suppose 5*u - i - 7 = 3, 3*u + 2*i - 19 = 0. Is r(u) prime?
True
Let y be -4 - -4 - (2 + -5). Let g = -54 + 112. Suppose 0 = -2*n + y*n - g. Is n a prime number?
False
Let a(z) = 31 + 52*z - 8 + 14*z**2 - 41*z + z**3. Is a(12) a composite number?
True
Let w be -20*(6*5/5 - 5). Suppose 0*j = -j + 179. Is (j/2)/((-2)/w) prime?
False
Suppose 33*o - 3 = 34*o, -l = -4*o - 29627. Is l a composite number?
True
Let i(y) = 11*y - 1. Let h be i(1). Let l = h - 8. Suppose 0 = -3*r + q + 175, -q + 59 = r - l*q. Is r a prime number?
False
Suppose 1389 = 3*s + 7*j - 3*j, 5*j = 3*s - 1416. Is s composite?
False
Let u(c) = 1434*c**2 + 3*c - 2. Let z be u(-2). Let i = z + -4057. Let g = -388 + i. Is g prime?
True
Let l(w) be the first derivative of w**2 - 6*w - 1. Let a be l(4). Suppose 826 = a*j - 0*j. Is j a composite number?
True
Is (-1)/4*1*-40444 a composite number?
False
Let m(s) = -8*s**3 + 4*s**2 - 2*s - 12. Let o be m(6). Let v be (-1 + 2)/((-4)/o). Let g = -283 + v. Is g a prime number?
False
Is (138/460)/((-6)/(-10))*29878 prime?
True
Let v(c) = -29*c - 368. Is v(-27) a composite number?
True
Let p(b) = -4*b**3 - 8*b**2 - 8*b + 31. Let s(y) = -y**3 - 8*y**2 - 9*y + 9. Let i be s(-6). Is p(i) a composite number?
False
Is 3/((-24)/(-36967)) - 11/(-88) a prime number?
True
Suppose z - 4*c = 18915, 9687 - 28582 = -z - c. Is z prime?
True
Let q = 33486 - 11777. Is q a prime number?
False
Let i(x) = x + 35. Suppose -11*g + 8*g = 0. Is i(g) a composite number?
True
Suppose 2*o - 7*o = 0. Let d be 421 - (-4)/(-8)*o. Let v = d + -264. Is v prime?
True
Suppose -40*z = -47*z + 56413. Is z a prime number?
True
Suppose 3 = 3*o, -3*g + o - 4*o = 555. Let r = 318 + g. Let l = r - 79. Is l composite?
False
Suppose -t = -4*t - 3*r - 9, -6 = 5*t + 2*r. Suppose -5*a - a + 1338 = t. Is a composite?
False
Let l = 1598 + 561. Is l a prime number?
False
Is (-10)/((-200)/287236) + (-12)/15 prime?
False
Let k be (0 + 2)*(2 + -1). Is -13 - -103 - 6/k a composite number?
True
Let s = -298 + 337. Let m(f) = 75*f**2 + 1. Let h be m(1). Let q = h - s. Is q composite?
False
Suppose 3*n + 4 = 5*n. Suppose s + 1 = -y - 4, -n*s = -3*y. Is (-138)/(-4) + y/(-4) a prime number?
False
Let l = 42 - 39. Is (-6)/(-18) + 2828/l prime?
False
Is ((-28266)/105)/(-1 + (-429)/(-435)) a composite number?
True
Let m(a) = -a**3 - a**2 - a - 12. Let k be m(0). Let i(d) = -11*d - 13. Is i(k) a composite number?
True
Let z(x) = -x - 1. Let g(m) = -873*m**2 - 10*m - 13. Let n(y) = -g(y) + 6*z(y). Is n(-2) prime?
True
Is -1 + 19/(76/13056) prime?
False
Suppose 58 = -3*s - 8. Let y = s + 22. Suppose -5*x + 3*n + n + 2755 = y, -5*n = -3*x + 1653. Is x prime?
False
Let k(w) = 44*w**2 + 34*w - 1. Let s(g) = 5*g - 26. Let t be s(4). Is k(t) composite?
True
Let s = 2042 - 1225. Let w = s + -503. Suppose -w = -2*x - 0*x. Is x composite?
False
Let b(h) = -8677*h**2 + 3*h + 4. Let y be b(4). Is y/(-81) - (-2)/9 composite?
True
Let o(f) be the third derivative of 257*f**4/24 - f**3/3 - 2*f**2. Suppose 3 = g - 2. Is o(g) a composite number?
False
Let j(u) = -53. Let s = 123 - 176. Let l(a) = -a + 1. Let b(t) = s*l(t) - j(t). Is b(1) prime?
True
Let c(m) = m**2 + 5*m - 31. Suppose 2*j - 3*b = 4*j - 17, -4*j + b = -55. Is c(j) composite?
True
Suppose 0*d + 49249 = 17*d. Is d a composite number?
False
Suppose -2*z + c + 8 = 0, 2*z + 3 = -4*c + 1. Is (28/6)/((-2)/(-477)*z) composite?
True
Let j(m) = m. Let q(y) = -y + 1. Let g(l) = 2*j(l) + q(l). Let f be g(-1). Suppose -b + 4*c + 349 = -f*c, -b + 3*c + 346 = 0. Is b composite?
False
Let a = -3730 - -8171. Is a a prime number?
True
Suppose 13*u + 1317 = 14*u. Is u composite?
True
Let i(z) = -160*z + 7. Let w be i(-4). Suppose 327 = 2*u - w. Is u a composite number?
False
Let a(h) = -13*h + 3433. Is a(0) prime?
True
Suppose -1 = 2*u - 21. Suppose 0 = -9*l + u*l - 1118. Let x = l + -637. Is x a prime number?
False
Suppose 581*v + 4783 = 582*v. Is v a prime number?
True
Let q(o) = o**3 - 5*o**2 + 4*o - 3. Let i be q(4). Let j = i - -8. Suppose j*y - 239 - 176 = 0. Is y a composite number?
False
Suppose -5*v + 2*v = -6. Suppose m = -k + 444, -4*k - 2*m = -2658 + 890. Suppose -k = v*t - 1510. Is t prime?
False
Let m = 23949 + -15940. Is m prime?
True
Is (-36)/126 + 14373/7 prime?
True
Let y be 2*1/2*-2. Let x = y - -7. Suppose -4*f = x*d - 2*f - 775, -2*f + 155 = d. Is d composite?
True
Let n(x) = x**3 - 7*x**2 + 7*x - 2. Let d be n(6). Suppose 9*k - 1655 = d*k. Is k prime?
True
Let m(a) = -27*a + 5. Let k(l) = l**3 + 3*l**2 + 4*l + 4. Suppose 2*z + 4*y + 2 = 0, 0 - 9 = 4*z + 3*y. Let r be k(z). Is m(r) a composite numbe